- -11))?
11
Evaluate (-91 + 98 - (-1 - 1)) + -1.
8
2 - (-22 + 20 - (0 + -4))
0
Evaluate 4 + -5 + -3 - (-2 - -2).
-4
Calculate -2 + (5 - 10) + 9.
2
What is the value of 0 - -1 - (-90 - -96)?
-5
Calculate -10 - (-12 + -6 - -11).
-3
What is -2 + 8 - (8 - 4)?
2
Evaluate (1 - -1) + 1 + 6 + -7.
2
What is the value of 7 - (-1 - -1) - 1?
6
Evaluate 4 + 13 + (-5 - 5).
7
Calculate -20 - -23 - (0 + 2).
1
Evaluate 5 - -1 - (6 - (8 + -3)).
5
Calculate 2 + 4 + -2 - (-1 + 3).
2
Calculate 12 + -4 + 5 + (-1 - 7).
5
What is -4 - 2 - (3 + 1)?
-10
Evaluate (9 - 1) + (3 - 7).
4
Calculate (5 - -1) + (-38 - -43) + -8.
3
Calculate 0 + -1 - (-14 + 10 + 12).
-9
(0 - -1) + -1 - 4
-4
What is the value of 2 - (2 + -6 - (-6 - -4))?
4
31 - 28 - (0 - -2)
1
Calculate -7 + 1 + 0 + 3.
-3
What is (33 - 43) + (20 - 2)?
8
-3 - (-1 - (8 + 2))
8
-8 - -3 - (-3 - (8 + -4))
2
-3 - (-3 + 3 + -8 - -2)
3
Evaluate 3 + -1 + 3 + -4 + 2.
3
Calculate -1 + 5 - ((1 - -5) + 1).
-3
What is 2 - (10 + (-2 - (-4 + 6)))?
-4
Evaluate -5 + (0 + 2 - -3) + -7.
-7
What is the value of (-2 - (-4 - -3)) + -2 + 6?
3
Calculate 1 - (15 + -9 - 14).
9
-4 - (-9 + -3 + (5 - -2))
1
1 - 2 - (-4 + -6 + 7)
2
Calculate 3 + (-3 - -3 - 3) - 1.
-1
What is the value of -6 + 8 + 0 + -6 + 1?
-3
-8 - (-5 - -1 - -2)
-6
Calculate (1 - 1) + 2 + (0 - 5).
-3
Calculate (-6 - -2 - 1) + 23 + -19.
-1
Evaluate 0 - 1 - (8 - (-9 - -16)).
-2
Evaluate 0 - 1 - (-11 - -7).
3
What is the value of (4 - 3) + (5 - 14)?
-8
Evaluate (0 - 2 - 0) + 2 + 0.
0
3 + -13 + (13 - 0)
3
What is the value of (7 - 3) + (-3 + 0 - 4)?
-3
Evaluate -4 - 3 - (2 - 6).
-3
Calculate (14 - -1) + (78 - 83).
10
5 - (13 - 9) - -4
5
What is (-10 - (0 - 7)) + -1 + 2?
-2
What is the value of 2 + 4 + -9 + 5?
2
What is 2 + -3 + (-8 - (-8 + -1))?
0
(2 - 1) + -8 + (-73 - -84)
4
-10 + (7 - (-1 - 0))
-2
What is the value of (16 - 12) + 3 + -17?
-10
Calculate -9 - (-5 - 1 - (33 + -32)).
-2
What is the value of 0 - (1 + 1 - (9 - 1))?
6
What is the value of 1 + (1 - -7 - 7) + 4?
6
What is the value of (-1 - -14) + -8 + (3 - 1)?
7
What is -3 + 1 + 1 + -3?
-4
What is (-6 - (2 + -4)) + 8 + -4?
0
Evaluate -12 + (4 - -1) - -5.
-2
Calculate 8 + (-3 - 8) + 1.
-2
Calculate 0 - (-6 + -3 + 3).
6
Calculate -5 + (-5 + 0 - -11).
1
Calculate -1 + 1 - 9 - -5.
-4
What is the value of 2 - 0 - (-9 + -16 + 28)?
-1
Calculate -8 - (-2 + (-17 - -4)).
7
3 + (-2 - (4 - 2))
-1
What is the value of (3 - 1) + (4 - 3 - 3)?
0
What is 2 - (1 - 5) - 11?
-5
Calculate (-1 - 1) + 6 + 0 + -4.
0
-10 + 11 + 0 + 4 - 2
3
What is 0 - (0 + 3) - (-1 - -1)?
-3
Evaluate 3 - (-4 + 7 + 3).
-3
(1 - (0 - -1)) + 1 + 2
3
Calculate 12 + -11 - (2 + -3 + 2).
0
Evaluate (7 - -1) + 20 + -23.
5
Evaluate (-1 - (0 - 1)) + -10 + 6.
-4
-6 - -8 - (-6 + 0 + 4)
4
-104 + 102 - ((-2 - 3) + 1)
2
-2 - (4 - 4) - -1
-1
What is -5 + (2 - (4 + (-1 - 5)))?
-1
Evaluate -9 + 9 + 3 - (-2 + 4).
1
Evaluate 1 + -6 - (0 + -10).
5
(-9 + 3 - -4) + 8 - 8
-2
Evaluate (-3 - (1 + -1)) + 2.
-1
What is the value of -5 + 7 + -4 + (-4 - -8)?
2
Calculate (1 - 14 - -16) + -1.
2
-2 + -2 + 0 + (1 - -1)
-2
Evaluate -3 + (1 - -2) + -2.
-2
What is 4 + -12 + -10 + 1 - -6?
-11
What is (-4 - -1) + (-1 - -2)?
-2
(-10 - (-14 + 0)) + -4 + 0
0
What is -3 - (0 + (0 - (0 - -1)))?
-2
Evaluate 1 - (-6 + (3 - -7)).
-3
Evaluate -2 + -1 + 1 + (1 - 3).
-4
What is 1 + 7 + -12 - -9?
5
What is 1 + 1 + (-46 - -38)?
-6
What is the value of (3 + -3 - 0) + -4?
-4
-5 + (5 - 0) + 20 + -21
-1
What is the value of -5 + -4 + -1 - -4?
-6
Evaluate -14 - (-7 + -5 - -1).
-3
Calculate -14 + -11 - -11 - -20.
6
-2 + 0 - (-3 + -1)
2
Evaluate 5 + -2 + -9 - (1 - 11).
4
Evaluate -3 + 5 + -6 + 2.
-2
-7 - (3 - 7) - (1 - 0)
-4
Evaluate (-3 - 5) + (5 - 1) - -1.
-3
-2 + 4 - -4 - 17 - -6
-5
What is 14 - 10 - ((2 - 4) + 1)?
5
Calculate 2 + -1 + (1 - -2).
4
4 + (12 - (-10 + 34))
-8
-16 + 6 + 1 + 4
-5
(-2 - 5 - -3) + -1 + 1
-4
What is 1 + (-1 - (3 - -1))?
-4
What is the value of -11 - (3 + -8 - (7 + -5))?
-4
Evaluate -4 + 4 - (5 - (-1 - -5)).
-1
What is (1 + -3 + 4 - -7) + -1?
8
What is the value of (4 - 0) + (9 - 10)?
3
(7 - (3 + -4)) + (2 - 2)
8
Evaluate -7 + 9 - (-4 + 3).
3
-1 + -8 + (6 - -4)
1
What is the value of (8 - 5) + 1 - (0 + -1)?
5
What is the value of 2 - 1 - (3 + -5 + 7)?
-4
48 + -44 - (13 - 1)
-8
4 - 5 - (-2 + -1)
2
Evaluate 1 + -9 + (4 - -6) + 2.
4
-28 + 22 + -1 + 0 + 2
-5
Calculate (83 - 85) + (6 - (2 + 0)).
2
0 - (-3 + -2 + 1)
4
Evaluate 11 - (6 + 19 - 5).
-9
Calculate 0 - (-11 - (-9 - 8)).
-6
Calculate 3 + (-1 + -4 - -4) + 1.
3
What is the value of -5 - (-10 + -2 + 7)?
0
What is the value of -9 + 2 - (-12 - (-25 - -11))?
-9
9 + (-9 - -3) + 1 + 3
7
Calculate -54 + 44 + (1 - -9).
0
Calculate 2 - (-3 + 2 + 3 + 1).
-1
What is (-7 - 1 - (4 + -9)) + 6?
3
Evaluate 16 + 7 + -24 + 3 + -1.
1
What is the value of (2 - 7 - 2) + (13 - 2)?
4
What is (6 - 2 - 6) + 2 - -4?
4
What is the value of (5 + -3 - (2 - 1)) + -5?
-4
Evaluate -7 - (-16 + (4 - 1)).
6
What is the value of 3 + 6 + 0 - (9 + -4)?
4
-6 + 1 + 6 - (5 - 1)
-3
What is -11 + (-11 - -28) + 4?
10
What is the value of (-3 - (3 - 3)) + 8?
5
Calculate -3 - (2 - 20) - 6.
9
Calculate -2 + (20 + -4 - 3) + -6.
5
What is -12 + 16 - (-1 - -12)?
-7
14 + -22 + 1 + 4
-3
What is the value of -7 - 1 - (72 + -80)?
0
What is (2 + 3 - 3) + 60 + -61?
1
Evaluate 9 - ((5 - 3) + 0).
7
Evaluate 1 + (-12 - -20 - 0).
9
Calculate -6 + 8 + -6 - -4.
0
Calculate 7 - (-7 + 4 - (-6 + 4)).
8
Calculate (4 - 9 - (-2 + 2)) + 1.
-4
What is the value of -5 - (5 + 2 + -7)?
-5
Calculate 0 + (9 + -8 - (3 + 0)).
-2
Evaluate 1 - 0 - 3 - (-1 - 7).
6
0 + 6 + (-6 - -1)
1
What is the value of (1 - -1) + 6 + -3?
5
Evaluate -1 - (3 - (1 - (-1 + 0))).
-2
Calculate -1 - (2 - (-1 + 8) - -4).
0
What is -3 + 12 - (-5 - -10)?
4
-8 + (19 + -12 - -7)
6
What is (0 + -3 - -5) + -3?
-1
Evaluate -6 + (-7 - -12 - 1).
-2
Evaluate -3 + 1 + 0 - (-3 - 4).
5
What is -6 + (4 - (9 + 1) - -12)?
0
Calculate 4 - (-6 - (-7 - -3 - 5)).
1
What is -4 - -9 - (-5 - -19)?
-9
Evaluate -1 - (-7 - -3) - 1.
2
1 + (5 - (6 + (-5 - -8)))
-3
What is the value of 5 + 0 + -2 + -10 + 9?
2
Evaluate -3 + 1 + 1 + 4.
3
What is (-2 - -2) + (9 - 4) - -1?
6
Evaluate (-3 - (1 - 3) - 1) + -1.
-3
What is the value of 8 - 2 - (4 + (-3 - 1))?
6
Evaluate (12 - 17) + 9 - 10.
-6
Calculate 0 + 5 - 6 - -1 - -5.
5
What is the value of 9 - (5 + 17 - 10)?
-3
Calculate (10 - (6 + (10 - 7))) + -9.
-8
Evaluate 7 + 7 + -8 + -2.
4
Calculate -6 - (5 + (-2 - 10 - -5)).
-4
What is the value of -11 - 2 - (20 + -43)?
10
Evaluate 0 + (-5 - (1 + -2)) + -1.
-5
Calculate 1 + -5 + (-5 - -2 - -12).
5
What is (-7 - -3) + -2 - -1?
-5
Calculate -11 + 1 + 2 + (-15 - -13).
-10
Calculate 6 - ((4 - 3) + 4).
1
Calculate -5 + 1 - (2 + -9 + 5).
-2
-6 - ((-1 - 3) + 1 + -1)
-2
Calculate (2 - 0) + (-2 - -2) + -3.
-1
Calculate 1 + 5 - (2 + -4 + 4).
4
What is (6 + 0 - (5 - 3)) + -3?
1
What is the value of -3 - -8 - (-7 + 4 + 2)?
6
What is 0 - (-11 + 3 - -8)?
0
What is -2 - (0 + 3 + (-4 - -4))?
-5
5 - (-8 + 10) - 10
-7
What is 0 - -5 - (-1 - -13 - 4)?
-3
Evaluate (11 - 12) + (-1 - 3).
-5
Evaluate 22 + (-2 - -1) + -11.
10
Evaluate (0 - 3) + -3 + 1.
-5
What is the value of 4 + -12 + 1 + (0 - 1)?
-8
What is the value of 1 + (1 - -3) + -2?
3
Evaluate 5 - (-1 - (-4 - -3)).
5
What is -12 + (6 + -2 - 0) - -13?
5
Calculate -4 - (-8 - -16 - (5 + 0)).
-7
Evaluate -1 + -6 + (-3 - (2 + -7)).
-5
What is -7 - (-16 + (8 - 4))?
5
What is the value of 10 - (0 + 6 - -3)?
1
Calculate -2 - -3 - (0 + (-6 - -9)).
-2
Calculate -3 + (-4 - -1) + 2.
-4
What is the value of 0 + -5 - (-9 - 0)?
4
Evaluate -12 - (-13 + 3 + 6).
-8
What is -1 + 2 - (-43 - -43)?
1
What is the value of -6 - ((-1 - -4 - -1) + -1)?
-9
What is the value of -7 - -7 - ((9 - 1) + -2)?
-6
Evaluate 2 + (0 - -3) + -10 + 6.
1
What is 3 + -1 - (-4 - -11)?
-5
4 - (-44 - -58 - (4 + -1))
-7
-14 + 8 + 6 + 4
4
What is 6 + -10 - (-4 + 0 - 1)?
1
What is -5 + 0 + -6 + 7 + -1?
-5
What is -6 - (-6 - -2) - 0?
-2
Calculate -3 + (-3 - -8 - 0).
2
Evaluate -2 + 3 + (2 - (2 - 1)).
2
What is (-2 - (1 - 2) - -2) + -2?
-1
Calculate 3 + (4 + -5 - -1) + 1.
4
What is (-1 - (2 + -6)) + -3?
0
What is the value of (7 - (-8 - -4 - -4)) + -4?
3
Calculate 0 + 0 + (0 - 2).
-2
Calculate (-186 - -189) + 1 + (0 - -2).
6
Evaluate -8 - (7 + -12 + -2).
-1
Calculate -2 + -2 + -4 + 4.
-4
Cal